{"id":8,"date":"2020-09-23T09:01:41","date_gmt":"2020-09-23T09:01:41","guid":{"rendered":"https:\/\/popsacademy.se\/stockholm\/?page_id=8"},"modified":"2026-02-02T16:29:11","modified_gmt":"2026-02-02T15:29:11","slug":"om","status":"publish","type":"page","link":"https:\/\/popsacademy.se\/stockholm\/om\/","title":{"rendered":"Om skolan"},"content":{"rendered":"\n<div class=\"wp-block-columns is-layout-flex wp-container-core-columns-layout-1 wp-block-columns-is-layout-flex\">\n<div class=\"wp-block-column is-layout-flow wp-block-column-is-layout-flow\" style=\"flex-basis:66.66%\">\n<h1 class=\"wp-block-heading\">Pops Academy Stockholm<\/h1>\n\n\n\n<p   class=\"site__ingress container text-left  site__text-color--dark  site__free_text--ingress p-0\">\n\tVi kombinerar musik och kreativitet med akademisk kvalitet s\u00e5 att v\u00e5ra elever f\u00e5r \u00f6kad kraft i l\u00e4rande, f\u00f6rankrar sin kunskap p\u00e5 djupet och l\u00e4r f\u00f6r livet.<\/p>\n\n\n\n\n\n<h2 class=\"wp-block-heading\">Vi ger eleverna verktyg att lyckas<\/h2>\n\n\n\n<p>P\u00e5 Pops Academy Stockholm f\u00e5r 250 elever i \u00e5rskurs 4\u20139 m\u00f6jlighet att utveckla sin kreativitet och f\u00f6rdjupa sin akademiska kunskap. Skolan ligger i centrala Stockholm och s\u00e5 fort ni kliver in h\u00e4r m\u00f6ts ni av positiv energi och sprudlande kreativitet fr\u00e5n b\u00e5de elever och medarbetare. Det m\u00e4rks tydligt att musiken ger kraft och lust till l\u00e4rande.<\/p>\n\n\n\n<p>Vi formar utbildningen efter den f\u00f6r\u00e4nderliga v\u00e4rld vi lever i. En v\u00e4rld d\u00e4r digitalisering och Internet Of Things (IoT) \u00e4r sj\u00e4lvklarheter.Med digitala verktyg f\u00f6rb\u00e4ttrar vi l\u00e4randet och individanpassar undervisningen som genomsyras av kreativa arbetss\u00e4tt.<\/p>\n\n\n\n<h2 class=\"wp-block-heading\">I samklang med samh\u00e4llet<\/h2>\n\n\n\n<p>P\u00e5 Pops Academy Stockholm sker l\u00e4randet i en milj\u00f6 av nyfikenhet med positiva f\u00f6rv\u00e4ntningar p\u00e5 omv\u00e4rlden och den f\u00f6r\u00e4nderliga v\u00e4rld vi lever i. En v\u00e4rld d\u00e4r innovation och kreativitet v\u00e4rderas h\u00f6gt och digitalisering \u00e4r en naturlig del av l\u00e4randet.<\/p>\n\n\n\n<p>Vi anv\u00e4nder de digitala verktygen f\u00f6r att n\u00e5 en h\u00f6gre m\u00e5luppfyllelse, att variera och individanpassa undervisningen samt inspirera elever p\u00e5 alla niv\u00e5er. Ett varierat arbetss\u00e4tt v\u00e4cker lust att l\u00e4ra och lockar fram nyfikenhet och tilltro hos eleverna.&nbsp;Att tro p\u00e5 sig sj\u00e4lv och lita till sin egen f\u00f6rm\u00e5ga \u00e4r den b\u00e4sta grunden f\u00f6r ett livsl\u00e5ngt l\u00e4rande.<\/p>\n<\/div>\n\n\n\n<div class=\"wp-block-column is-layout-flow wp-block-column-is-layout-flow\" style=\"flex-basis:33.33%\"><\/div>\n<\/div>\n\n\n\n\n<section  class=\"ams-cta ams-cta--stacked c-block l-stacked\" data-color-scheme=\"kontakt-blue\">\n\t<div class=\"l-container l-stack l-stack-fluid-2xl u-pt-fluid-2xl-4xl u-pb-fluid-2xl-4xl is-center is-center@md\">\n\t\t\t\t\t<div class=\"ams-cta__intro l-stack l-stack-lg\">\n\t\t\t\t\t\n\t<h2\n\tclass=\"c-heading u-font-title-1 \"\n\tstyle=\"\">\n\t\t\n\t\t\t\t\t\t\t\t\tVarf\u00f6r ska jag v\u00e4lja just Pops Academy Stockholm?\n\t\t\t\t<span class=\"c-heading__sub is-below u-font-title-3\">\n\t\t\t\t\tF\u00f6r h\u00e4r f\u00e5r varje elev uttrycka sin kreativitet och k\u00e4nna sig sedd \u2013 varje dag. H\u00e4r f\u00e5r alla vara sig sj\u00e4lva.\n\t\t\t\t<\/span>\n\t\t\t\t\t\t\t\n\t<\/h2>\n\n\t\t\t\t\t\t\t<\/div>\n\t\t\n\t\t\n\t\t\t<\/div>\n\n\t\t\n\n<\/section>\n\n\n\n\n<section  class=\"ams-usp c-block l-stacked\" data-color-scheme=\"transparent\">\n\t<div class=\"l-container l-stack l-stack-fluid-2xl u-pt-fluid-md-xl u-pb-fluid-3xl-6xl is-center is-center@md\">\n\t\t\t\t\t<div class=\"ams-usp__intro l-stack l-stack-lg\">\n\t\t\t\t\t\n\t<h2\n\tclass=\"c-heading u-font-title-1 \"\n\tstyle=\"\">\n\t\t\n\t\t\t\t\tF\u00f6rdelarna med Pops Academy\n\t\t\t\t\n\t<\/h2>\n\n\t\t\t\t\t\t\t<\/div>\n\t\t\n\t\t\t<ul class=\"ams-usp__list l-grid u-justify-center u-gap-fluid-2xl-4xl\">\n\t\t\t\t\t<li class=\"l-col-6@md l-col-4@lg\">\n\t\t\t\t<article\n\t\t\t\t\tclass=\"\n\t\t\t\t\tc-card\n\t\t\t\t\thas-media-zoom\n\t\t\t\t\t\n\t\t\t\t\t\n\t\t\t\t\t\"\n\t\t\t\t\tdata-variant=\"neutral\"\n\t\t\t\t\tdata-style=\"square\"\n\t\t\t\t\t\n\t\t\t\t\t>\n\t\t\t\t\t\t\t\t\t\t\t<div class=\"c-card__content l-stack l-stack-sm u-text-center\">\n\t\t\t\t\t\t\t\t\t\t\t\t\t\t\t<h3 class=\"c-card__title u-font-title-3\">\n\t\t\t\t\t\t\t\t\t\t\t\t\t\t\t\t\t\t\t\t\t\t\t\t\t\t\t\t\t\tMusiken blir din vardag\n\t\t\t\t\t\t\t\t\t\t\t\t\t\t\t\t\t\t\t\t\t\t\t\t\t\t\t<\/h3>\n\t\t\t\t\t\t\t\n\t\t\t\t\t\t\t\t\t\t\t\t\t\t\t<div class=\"c-card__text l-stack-xs u-font-body\">\n\t\t\t\t\t\t\t\t\t<p>Musiken blir en naturlig del av skoldagens alla lektioner, oavsett \u00e4mne. Med musiken som kraft skapar vi lust att l\u00e4ra f\u00f6r livet.<\/p>\n\n\t\t\t\t\t\t\t\t<\/div>\n\t\t\t\t\t\t\t\t\t\t\t\t\t<\/div>\n\t\t\t\t\t\n\t\t\t\t\t<div class=\"c-card__media\">\n\t\t\t\t\t\t\t\t\t\t\t\t\t<img decoding=\"async\" width=\"400\" height=\"267\" src=\"https:\/\/popsacademy.se\/wp-content\/uploads\/2022\/11\/popsacademyorebrofoto2022poprock05-400x267.jpg\" class=\"u-radius-round-mix u-ratio-landscape  ams_icon_size_default\" alt=\"Elever spelar tillsammans p\u00e5 Pops Academys scen.\" srcset=\"https:\/\/popsacademy.se\/wp-content\/uploads\/2022\/11\/popsacademyorebrofoto2022poprock05-400x267.jpg 400w, https:\/\/popsacademy.se\/wp-content\/uploads\/2022\/11\/popsacademyorebrofoto2022poprock05-300x200.jpg 300w, https:\/\/popsacademy.se\/wp-content\/uploads\/2022\/11\/popsacademyorebrofoto2022poprock05-600x400.jpg 600w, https:\/\/popsacademy.se\/wp-content\/uploads\/2022\/11\/popsacademyorebrofoto2022poprock05-800x534.jpg 800w, https:\/\/popsacademy.se\/wp-content\/uploads\/2022\/11\/popsacademyorebrofoto2022poprock05-1024x683.jpg 1024w, https:\/\/popsacademy.se\/wp-content\/uploads\/2022\/11\/popsacademyorebrofoto2022poprock05-1200x800.jpg 1200w, https:\/\/popsacademy.se\/wp-content\/uploads\/2022\/11\/popsacademyorebrofoto2022poprock05.jpg 2048w\" sizes=\"(max-width: 400px) 100vw, 400px\" \/>\n\t\t\t\t\t\t\t\t\t\t\t<\/div>\n\t\t\t\t<\/article>\n\t\t\t<\/li>\n\n\t\t\t\t\t<li class=\"l-col-6@md l-col-4@lg\">\n\t\t\t\t<article\n\t\t\t\t\tclass=\"\n\t\t\t\t\tc-card\n\t\t\t\t\thas-media-zoom\n\t\t\t\t\t\n\t\t\t\t\t\n\t\t\t\t\t\"\n\t\t\t\t\tdata-variant=\"neutral\"\n\t\t\t\t\tdata-style=\"square\"\n\t\t\t\t\t\n\t\t\t\t\t>\n\t\t\t\t\t\t\t\t\t\t\t<div class=\"c-card__content l-stack l-stack-sm u-text-center\">\n\t\t\t\t\t\t\t\t\t\t\t\t\t\t\t<h3 class=\"c-card__title u-font-title-3\">\n\t\t\t\t\t\t\t\t\t\t\t\t\t\t\t\t\t\t\t\t\t\t\t\t\t\t\t\t\t\tKreativiteten \u00f6kar ditt l\u00e4rande\n\t\t\t\t\t\t\t\t\t\t\t\t\t\t\t\t\t\t\t\t\t\t\t\t\t\t\t<\/h3>\n\t\t\t\t\t\t\t\n\t\t\t\t\t\t\t\t\t\t\t\t\t\t\t<div class=\"c-card__text l-stack-xs u-font-body\">\n\t\t\t\t\t\t\t\t\t<p>Dina skoldagar blir fyllda av sprudlande kreativitet som b\u00e5de inspirerar till l\u00e4rande och g\u00f6r att du f\u00f6rankrar kunskapen p\u00e5 djupet.<\/p>\n\n\t\t\t\t\t\t\t\t<\/div>\n\t\t\t\t\t\t\t\t\t\t\t\t\t<\/div>\n\t\t\t\t\t\n\t\t\t\t\t<div class=\"c-card__media\">\n\t\t\t\t\t\t\t\t\t\t\t\t\t<img decoding=\"async\" width=\"400\" height=\"267\" src=\"https:\/\/popsacademy.se\/wp-content\/uploads\/2020\/09\/pops-academy-musik-kreativitet-akademisk-kvalitet-stockholm-202204-16-400x267.jpg\" class=\"u-radius-round-mix u-ratio-landscape  ams_icon_size_default\" alt=\"Elever p\u00e5 Pops Academy sitter tillsammans i gr\u00e4set och lyssnar p\u00e5 n\u00e4r en av dem spelar gitarr.\" srcset=\"https:\/\/popsacademy.se\/wp-content\/uploads\/2020\/09\/pops-academy-musik-kreativitet-akademisk-kvalitet-stockholm-202204-16-400x267.jpg 400w, https:\/\/popsacademy.se\/wp-content\/uploads\/2020\/09\/pops-academy-musik-kreativitet-akademisk-kvalitet-stockholm-202204-16-300x200.jpg 300w, https:\/\/popsacademy.se\/wp-content\/uploads\/2020\/09\/pops-academy-musik-kreativitet-akademisk-kvalitet-stockholm-202204-16-600x400.jpg 600w, https:\/\/popsacademy.se\/wp-content\/uploads\/2020\/09\/pops-academy-musik-kreativitet-akademisk-kvalitet-stockholm-202204-16-800x533.jpg 800w, https:\/\/popsacademy.se\/wp-content\/uploads\/2020\/09\/pops-academy-musik-kreativitet-akademisk-kvalitet-stockholm-202204-16-1024x683.jpg 1024w, https:\/\/popsacademy.se\/wp-content\/uploads\/2020\/09\/pops-academy-musik-kreativitet-akademisk-kvalitet-stockholm-202204-16-1200x800.jpg 1200w, https:\/\/popsacademy.se\/wp-content\/uploads\/2020\/09\/pops-academy-musik-kreativitet-akademisk-kvalitet-stockholm-202204-16.jpg 2048w\" sizes=\"(max-width: 400px) 100vw, 400px\" \/>\n\t\t\t\t\t\t\t\t\t\t\t<\/div>\n\t\t\t\t<\/article>\n\t\t\t<\/li>\n\n\t\t\t\t\t<li class=\"l-col-6@md l-col-4@lg\">\n\t\t\t\t<article\n\t\t\t\t\tclass=\"\n\t\t\t\t\tc-card\n\t\t\t\t\thas-media-zoom\n\t\t\t\t\t\n\t\t\t\t\t\n\t\t\t\t\t\"\n\t\t\t\t\tdata-variant=\"neutral\"\n\t\t\t\t\tdata-style=\"square\"\n\t\t\t\t\t\n\t\t\t\t\t>\n\t\t\t\t\t\t\t\t\t\t\t<div class=\"c-card__content l-stack l-stack-sm u-text-center\">\n\t\t\t\t\t\t\t\t\t\t\t\t\t\t\t<h3 class=\"c-card__title u-font-title-3\">\n\t\t\t\t\t\t\t\t\t\t\t\t\t\t\t\t\t\t\t\t\t\t\t\t\t\t\t\t\t\tVi ger dig akademisk kvalitet\n\t\t\t\t\t\t\t\t\t\t\t\t\t\t\t\t\t\t\t\t\t\t\t\t\t\t\t<\/h3>\n\t\t\t\t\t\t\t\n\t\t\t\t\t\t\t\t\t\t\t\t\t\t\t<div class=\"c-card__text l-stack-xs u-font-body\">\n\t\t\t\t\t\t\t\t\t<p>Du f\u00e5r en inneh\u00e5llsrik skolg\u00e5ng med akademisk kvalitet som utmanar, utvecklar och utbildar dig. S\u00e5 att du n\u00e5r dina studiem\u00e5l.<\/p>\n\n\t\t\t\t\t\t\t\t<\/div>\n\t\t\t\t\t\t\t\t\t\t\t\t\t<\/div>\n\t\t\t\t\t\n\t\t\t\t\t<div class=\"c-card__media\">\n\t\t\t\t\t\t\t\t\t\t\t\t\t<img decoding=\"async\" width=\"400\" height=\"267\" src=\"https:\/\/popsacademy.se\/wp-content\/uploads\/2022\/10\/retorik-400x267.jpg\" class=\"u-radius-round-mix u-ratio-landscape  ams_icon_size_default\" alt=\"Fyra elever p\u00e5 Pops Academy sitter och jobbar tillsammans vid ett bord.\" srcset=\"https:\/\/popsacademy.se\/wp-content\/uploads\/2022\/10\/retorik-400x267.jpg 400w, https:\/\/popsacademy.se\/wp-content\/uploads\/2022\/10\/retorik-300x200.jpg 300w, https:\/\/popsacademy.se\/wp-content\/uploads\/2022\/10\/retorik-600x400.jpg 600w, https:\/\/popsacademy.se\/wp-content\/uploads\/2022\/10\/retorik-800x533.jpg 800w, https:\/\/popsacademy.se\/wp-content\/uploads\/2022\/10\/retorik-1024x683.jpg 1024w, https:\/\/popsacademy.se\/wp-content\/uploads\/2022\/10\/retorik-1200x800.jpg 1200w, https:\/\/popsacademy.se\/wp-content\/uploads\/2022\/10\/retorik.jpg 2048w\" sizes=\"(max-width: 400px) 100vw, 400px\" \/>\n\t\t\t\t\t\t\t\t\t\t\t<\/div>\n\t\t\t\t<\/article>\n\t\t\t<\/li>\n\n\t\t\t<\/ul>\n\n\t\t\t<\/div>\n\n\t\t\n\n<\/section>\n\n\n\n\n<section  class=\"ams-cta ams-cta--stacked c-block l-stacked\" data-color-scheme=\"primar2-light-hover-standard\">\n\t<div class=\"l-container l-stack l-stack-fluid-2xl u-pt-fluid-2xl-4xl u-pb-fluid-2xl-4xl is-center is-center@md\">\n\t\t\t\t\t<div class=\"ams-cta__intro l-stack l-stack-lg\">\n\t\t\t\t\t\n\t<h2\n\tclass=\"c-heading u-font-title-1 \"\n\tstyle=\"\">\n\t\t\n\t\t\t\t\tV\u00e4lkommen att bes\u00f6ka oss\n\t\t\t\t\n\t<\/h2>\n\n\t\t\t\t\t\t\t\t\t<div class=\"c-text l-stack u-cs-xl u-font-body\">\n\t\t\t\t\t\t<p>Du \u00e4r varmt v\u00e4lkommen att bes\u00f6ka oss f\u00f6r att f\u00e5 en k\u00e4nsla f\u00f6r skolan och v\u00e5rt arbetss\u00e4tt.<\/p>\n\n\t\t\t\t\t<\/div>\n\t\t\t\t\t\t\t<\/div>\n\t\t\n\t\t\n\t\t\t<div class=\"ams-cta__action u-inline-items\">\n\t\t\t\t\t\t\t\n\n\n<a href=\"https:\/\/popsacademy.se\/stockholm\/besok\/\"\n\t\n\tclass=\"c-btn \"\n\tdata-style=\"round\"\n\tdata-size=\"md\"\n\tdata-width=\"full-mobile\"\n\tdata-variant=\"default\"\n\ttarget=\"_self\">\n\t\t\t<span class=\"label\"> Bes\u00f6k oss<\/span>\n\t\t\t<\/a>\n\t\t\t<\/div>\n\t<\/div>\n\n\t\t\n\n<\/section>\n\n\n\n<section \n\t\t class=\"\n\t\t ams-contact\n\t\t \n\t\t c-block l-stacked\n\t\t \n\t\t \n\t\t js-load-more\n\t\t \"\n\t\t data-color-scheme=\"\"\n\t\t\t\t\tdata-count=\"3\"\n\t\t\t\t\t\t\tdata-count-mobile=\"2\"\n\t\t\t\t>\n\t<div\n\t\t class=\"\n\t\t l-container\n\t\t l-stack l-stack-fluid-2xl\n\t\t u-pt-fluid-2xl-4xl\n\t\t u-pb-fluid-2xl-4xl\n\t\t is-center\n\t\t is-center@md\n\t\t \">\n\t\t\t\t\t<div class=\"ams-contact__intro l-stack l-stack-lg\">\n\t\t\t\t\t\n\t<h2\n\tclass=\"c-heading u-font-title-1 \"\n\tstyle=\"\">\n\t\t\n\t\t\t\t\tKvalitetsrapport\n\t\t\t\t\n\t<\/h2>\n\n\t\t\t\t\t\t\t\t\t<div class=\"c-text l-stack u-cs-xl u-font-body\">\n\t\t\t\t\t\t<p>Vill du ta del av v\u00e5r kvalitetsrapport? Kontakta skolans rektor.<\/p>\n\n\t\t\t\t\t<\/div>\n\t\t\t\t\t\t\t<\/div>\n\t\t\n\t\t\n\t\t    \t\n\t\t\n\t\t<ul\n\t\t\tid=\"contact-grid-69e15ace3dfb1\"\n\t\t\tclass=\"ams-contact__list l-grid u-gap-fluid-2xl-4xl u-justify-center js-results \"\n\t\t\taria-label=\"Kontakter\"\n\t\t\tdata-filter-animation=\"off\"\n\t\t\t>\n\t\t\t\t\t\t\t\t\t\t\t\n\t\t\t\t\n\t\t\t\t<li class=\"l-col-6@md \" data-filter=\"a\">\n\t\t\t\t\t<article class=\"c-card \" data-variant=\"neutral\">\n\t\t\t\t\t\t<div class=\"c-card__content u-text-center\">\n\t\t\t\t\t\t\t\t\t\t\t\t\t\t\t<h3 class=\"c-card__title u-font-title-3\">\n\t\t\t\t\t\t\t\t\tJoanna Forslund\n\t\t\t\t\t\t\t\t<\/h3>\n\t\t\t\t\t\t\t\n\t\t\t\t\t\t\t\t\t\t\t\t\t\t\t<p class=\"position u-font-body\">Rektor <\/p>\n\t\t\t\t\t\t\t\n\t\t\t\t\t\t\t\t\t\t\t\t\t\t\t<div class=\"contact-info u-font-body\">\n\t\t\t\t\t\t\t\t\t\t\t\t\t\t\t\t\t\t\t\t\t\t\t\t\t\t\t\t\t\t<p class=\"phone\"><a\n\t\t\t\t\t\t\t\t\t\t\t\t\thref=\"tel:0761146481\"\n\t\t\t\t\t\t\t\t\t\t\t\t\tclass=\"u-text-link\">076-114 64 81<\/a>\n\t\t\t\t\t\t\t\t\t\t\t<\/p>\n\t\t\t\t\t\t\t\t\t\t\t\t\t\t\t\t\t\t\t\n\t\t\t\t\t\t\t\t\t\t\t\t\t\t\t\t\t\t\t\t\t\t\t\t\t\t\t\t\t\t<p class=\"email\"><a\n\t\t\t\t\t\t\t\t\t\t\t\t\thref=\"ma&#105;lt&#111;&#058;&#106;o&#097;nna&#046;&#102;o&#114;&#115;l&#117;&#110;&#100;&#064;p&#111;ps&#097;cademy.se\"\n\t\t\t\t\t\t\t\t\t\t\t\t\tclass=\"u-text-link\">&#106;oann&#097;&#046;&#102;&#111;&#114;sl&#117;n&#100;&#064;po&#112;sa&#099;&#097;d&#101;my.&#115;&#101;<\/a>\n\t\t\t\t\t\t\t\t\t\t\t<\/p>\n\t\t\t\t\t\t\t\t\t\t\t\t\t\t\t\t\t\t\t\t\t\t\t\t\t\t\t<\/div>\n\t\t\t\t\t\t\t\n\t\t\t\t\t\t\t\t\t\t\t\t\t<\/div>\n\t\t\t\t\t\t<div class=\"c-card__media\">\n\t\t\t\t\t\t\t\t\t\t\t\t\t\t\t\t\t\t\t\t\t\t\t\t\t\t\t\t\t\t\t\t\t\t\t\t\t\t\t\t\t\t\t\t\t\t\t\t\t<img decoding=\"async\" width=\"400\" height=\"519\" src=\"https:\/\/popsacademy.se\/wp-content\/uploads\/sites\/6\/2020\/11\/joanna-400x519.jpg\" class=\"u-radius-round-mix u-ratio-landscape  \" alt=\"\" sizes=\"(max-width: 300px) 100vw, 300px\" srcset=\"https:\/\/popsacademy.se\/wp-content\/uploads\/sites\/6\/2020\/11\/joanna-400x519.jpg 400w, https:\/\/popsacademy.se\/wp-content\/uploads\/sites\/6\/2020\/11\/joanna-300x389.jpg 300w, https:\/\/popsacademy.se\/wp-content\/uploads\/sites\/6\/2020\/11\/joanna-600x778.jpg 600w, https:\/\/popsacademy.se\/wp-content\/uploads\/sites\/6\/2020\/11\/joanna-800x1038.jpg 800w, https:\/\/popsacademy.se\/wp-content\/uploads\/sites\/6\/2020\/11\/joanna-1024x1329.jpg 1024w, https:\/\/popsacademy.se\/wp-content\/uploads\/sites\/6\/2020\/11\/joanna-1200x1557.jpg 1200w, https:\/\/popsacademy.se\/wp-content\/uploads\/sites\/6\/2020\/11\/joanna.jpg 1846w\" \/>\n\t\t\t\t\t\t<\/div>\n\t\t\t\t\t<\/article>\n\t\t\t\t<\/li>\n\t\t\t\t\t\t\t\t\t\t\t\n\t\t\t\t\n\t\t\t\t<li class=\"l-col-6@md \" data-filter=\"a\">\n\t\t\t\t\t<article class=\"c-card \" data-variant=\"neutral\">\n\t\t\t\t\t\t<div class=\"c-card__content u-text-center\">\n\t\t\t\t\t\t\t\t\t\t\t\t\t\t\t<h3 class=\"c-card__title u-font-title-3\">\n\t\t\t\t\t\t\t\t\tEllinor Lehman\n\t\t\t\t\t\t\t\t<\/h3>\n\t\t\t\t\t\t\t\n\t\t\t\t\t\t\t\t\t\t\t\t\t\t\t<p class=\"position u-font-body\">Bitr\u00e4dande rektor <\/p>\n\t\t\t\t\t\t\t\n\t\t\t\t\t\t\t\t\t\t\t\t\t\t\t<div class=\"contact-info u-font-body\">\n\t\t\t\t\t\t\t\t\t\t\t\t\t\t\t\t\t\t\t\t\t\t\t\t\t\t\t\t\t\t<p class=\"phone\"><a\n\t\t\t\t\t\t\t\t\t\t\t\t\thref=\"tel:0760112929\"\n\t\t\t\t\t\t\t\t\t\t\t\t\tclass=\"u-text-link\">076-011 29 29<\/a>\n\t\t\t\t\t\t\t\t\t\t\t<\/p>\n\t\t\t\t\t\t\t\t\t\t\t\t\t\t\t\t\t\t\t\n\t\t\t\t\t\t\t\t\t\t\t\t\t\t\t\t\t\t\t\t\t\t\t\t\t\t\t\t\t\t<p class=\"email\"><a\n\t\t\t\t\t\t\t\t\t\t\t\t\thref=\"mai&#108;&#116;&#111;&#058;&#101;&#108;lin&#111;&#114;.le&#104;m&#097;&#110;&#064;&#112;o&#112;s&#097;c&#097;&#100;e&#109;y&#046;se\"\n\t\t\t\t\t\t\t\t\t\t\t\t\tclass=\"u-text-link\">e&#108;l&#105;&#110;o&#114;&#046;l&#101;&#104;m&#097;n&#064;&#112;&#111;p&#115;ac&#097;&#100;&#101;&#109;&#121;.&#115;e<\/a>\n\t\t\t\t\t\t\t\t\t\t\t<\/p>\n\t\t\t\t\t\t\t\t\t\t\t\t\t\t\t\t\t\t\t\t\t\t\t\t\t\t\t<\/div>\n\t\t\t\t\t\t\t\n\t\t\t\t\t\t\t\t\t\t\t\t\t<\/div>\n\t\t\t\t\t\t<div class=\"c-card__media\">\n\t\t\t\t\t\t\t\t\t\t\t\t\t\t\t\t\t\t\t\t\t\t\t\t\t\t\t\t\t\t\t\t\t\t\t\t\t\t\t\t\t\t\t\t\t\t\t\t\t<img decoding=\"async\" width=\"400\" height=\"484\" src=\"https:\/\/popsacademy.se\/wp-content\/uploads\/sites\/6\/2020\/11\/ellinor-400x484.jpg\" class=\"u-radius-round-mix u-ratio-landscape  \" alt=\"\" sizes=\"(max-width: 300px) 100vw, 300px\" srcset=\"https:\/\/popsacademy.se\/wp-content\/uploads\/sites\/6\/2020\/11\/ellinor-400x484.jpg 400w, https:\/\/popsacademy.se\/wp-content\/uploads\/sites\/6\/2020\/11\/ellinor-300x363.jpg 300w, https:\/\/popsacademy.se\/wp-content\/uploads\/sites\/6\/2020\/11\/ellinor-600x727.jpg 600w, https:\/\/popsacademy.se\/wp-content\/uploads\/sites\/6\/2020\/11\/ellinor-800x969.jpg 800w, https:\/\/popsacademy.se\/wp-content\/uploads\/sites\/6\/2020\/11\/ellinor-1024x1240.jpg 1024w, https:\/\/popsacademy.se\/wp-content\/uploads\/sites\/6\/2020\/11\/ellinor-1200x1453.jpg 1200w, https:\/\/popsacademy.se\/wp-content\/uploads\/sites\/6\/2020\/11\/ellinor.jpg 1848w\" \/>\n\t\t\t\t\t\t<\/div>\n\t\t\t\t\t<\/article>\n\t\t\t\t<\/li>\n\t\t\t\t\t<\/ul>\n\n\t\t\n\t\t    <div class=\"ams-contact__more u-inline-items js-load-more-btn\">\n        <button href=\"#\"\n                class=\"c-btn\"\n                data-style=\"round\"\n                data-size=\"md\"\n                data-width=\"full-mobile\"\n                data-variant=\"outline\">\n        \tVisa mer\n        <\/button>\n    <\/div>\n\n\t\t\t<\/div>\n\n\t\t\n\n<\/section>\n\n\n<div   id=\"page-relative-menu\" class=\"site__font-monospace   container_width--full_width_conIcon   d-lg-none  \">\n\n\t\t\t\n<\/div>\n","protected":false},"excerpt":{"rendered":"<p>Pops Academy Stockholm Vi ger eleverna verktyg att lyckas P\u00e5 Pops Academy Stockholm f\u00e5r 250 elever i \u00e5rskurs 4\u20139 m\u00f6jlighet att utveckla sin kreativitet och f\u00f6rdjupa sin akademiska kunskap. Skolan ligger i centrala Stockholm och s\u00e5 fort ni kliver in h\u00e4r m\u00f6ts ni av positiv energi och sprudlande kreativitet fr\u00e5n b\u00e5de elever och medarbetare. Det&#8230;<\/p>\n","protected":false},"author":1,"featured_media":0,"parent":0,"menu_order":0,"comment_status":"closed","ping_status":"closed","template":"","meta":{"footnotes":""},"yoast_head":"<!-- This site is optimized with the Yoast SEO plugin v22.0 - https:\/\/yoast.com\/wordpress\/plugins\/seo\/ -->\n<title>Om skolan | Pops Academy Stockholm<\/title>\n<meta name=\"description\" content=\"Hos oss genomsyrar musiken alla skoldagar. Vi kombinerar sprudlande kreativitet med akademisk kvalitet f\u00f6r att \u00f6ka nyfikenheten i l\u00e4randet.\" \/>\n<meta name=\"robots\" content=\"index, follow, max-snippet:-1, max-image-preview:large, max-video-preview:-1\" \/>\n<link rel=\"canonical\" href=\"https:\/\/popsacademy.se\/stockholm\/om\/\" \/>\n<meta property=\"og:locale\" content=\"sv_SE\" \/>\n<meta property=\"og:type\" content=\"article\" \/>\n<meta property=\"og:title\" content=\"Om skolan | Pops Academy Stockholm\" \/>\n<meta property=\"og:description\" content=\"Hos oss genomsyrar musiken alla skoldagar. Vi kombinerar sprudlande kreativitet med akademisk kvalitet f\u00f6r att \u00f6ka nyfikenheten i l\u00e4randet.\" \/>\n<meta property=\"og:url\" content=\"https:\/\/popsacademy.se\/stockholm\/om\/\" \/>\n<meta property=\"og:site_name\" content=\"Stockholm\" \/>\n<meta property=\"article:modified_time\" content=\"2026-02-02T15:29:11+00:00\" \/>\n<meta name=\"twitter:card\" content=\"summary_large_image\" \/>\n<meta name=\"twitter:title\" content=\"Om skolan | Pops Academy Stockholm\" \/>\n<meta name=\"twitter:description\" content=\"Hos oss genomsyrar musiken alla skoldagar. Vi kombinerar sprudlande kreativitet med akademisk kvalitet f\u00f6r att \u00f6ka nyfikenheten i l\u00e4randet.\" \/>\n<meta name=\"twitter:label1\" content=\"Ber\u00e4knad l\u00e4stid\" \/>\n\t<meta name=\"twitter:data1\" content=\"1 minut\" \/>\n<script type=\"application\/ld+json\" class=\"yoast-schema-graph\">{\"@context\":\"https:\/\/schema.org\",\"@graph\":[{\"@type\":\"WebPage\",\"@id\":\"https:\/\/popsacademy.se\/stockholm\/om\/\",\"url\":\"https:\/\/popsacademy.se\/stockholm\/om\/\",\"name\":\"Om skolan | Pops Academy Stockholm\",\"isPartOf\":{\"@id\":\"https:\/\/popsacademy.se\/stockholm\/#website\"},\"datePublished\":\"2020-09-23T09:01:41+00:00\",\"dateModified\":\"2026-02-02T15:29:11+00:00\",\"description\":\"Hos oss genomsyrar musiken alla skoldagar. Vi kombinerar sprudlande kreativitet med akademisk kvalitet f\u00f6r att \u00f6ka nyfikenheten i l\u00e4randet.\",\"breadcrumb\":{\"@id\":\"https:\/\/popsacademy.se\/stockholm\/om\/#breadcrumb\"},\"inLanguage\":\"sv-SE\",\"potentialAction\":[{\"@type\":\"ReadAction\",\"target\":[\"https:\/\/popsacademy.se\/stockholm\/om\/\"]}]},{\"@type\":\"BreadcrumbList\",\"@id\":\"https:\/\/popsacademy.se\/stockholm\/om\/#breadcrumb\",\"itemListElement\":[{\"@type\":\"ListItem\",\"position\":1,\"name\":\"Start\",\"item\":\"https:\/\/popsacademy.se\/stockholm\/\"},{\"@type\":\"ListItem\",\"position\":2,\"name\":\"Om skolan\"}]},{\"@type\":\"WebSite\",\"@id\":\"https:\/\/popsacademy.se\/stockholm\/#website\",\"url\":\"https:\/\/popsacademy.se\/stockholm\/\",\"name\":\"Stockholm\",\"description\":\"Kreativ verksamhet med akademisk kvalitet\",\"potentialAction\":[{\"@type\":\"SearchAction\",\"target\":{\"@type\":\"EntryPoint\",\"urlTemplate\":\"https:\/\/popsacademy.se\/stockholm\/?s={search_term_string}\"},\"query-input\":\"required name=search_term_string\"}],\"inLanguage\":\"sv-SE\"}]}<\/script>\n<!-- \/ Yoast SEO plugin. -->","yoast_head_json":{"title":"Om skolan | Pops Academy Stockholm","description":"Hos oss genomsyrar musiken alla skoldagar. Vi kombinerar sprudlande kreativitet med akademisk kvalitet f\u00f6r att \u00f6ka nyfikenheten i l\u00e4randet.","robots":{"index":"index","follow":"follow","max-snippet":"max-snippet:-1","max-image-preview":"max-image-preview:large","max-video-preview":"max-video-preview:-1"},"canonical":"https:\/\/popsacademy.se\/stockholm\/om\/","og_locale":"sv_SE","og_type":"article","og_title":"Om skolan | Pops Academy Stockholm","og_description":"Hos oss genomsyrar musiken alla skoldagar. Vi kombinerar sprudlande kreativitet med akademisk kvalitet f\u00f6r att \u00f6ka nyfikenheten i l\u00e4randet.","og_url":"https:\/\/popsacademy.se\/stockholm\/om\/","og_site_name":"Stockholm","article_modified_time":"2026-02-02T15:29:11+00:00","twitter_card":"summary_large_image","twitter_title":"Om skolan | Pops Academy Stockholm","twitter_description":"Hos oss genomsyrar musiken alla skoldagar. Vi kombinerar sprudlande kreativitet med akademisk kvalitet f\u00f6r att \u00f6ka nyfikenheten i l\u00e4randet.","twitter_misc":{"Ber\u00e4knad l\u00e4stid":"1 minut"},"schema":{"@context":"https:\/\/schema.org","@graph":[{"@type":"WebPage","@id":"https:\/\/popsacademy.se\/stockholm\/om\/","url":"https:\/\/popsacademy.se\/stockholm\/om\/","name":"Om skolan | Pops Academy Stockholm","isPartOf":{"@id":"https:\/\/popsacademy.se\/stockholm\/#website"},"datePublished":"2020-09-23T09:01:41+00:00","dateModified":"2026-02-02T15:29:11+00:00","description":"Hos oss genomsyrar musiken alla skoldagar. Vi kombinerar sprudlande kreativitet med akademisk kvalitet f\u00f6r att \u00f6ka nyfikenheten i l\u00e4randet.","breadcrumb":{"@id":"https:\/\/popsacademy.se\/stockholm\/om\/#breadcrumb"},"inLanguage":"sv-SE","potentialAction":[{"@type":"ReadAction","target":["https:\/\/popsacademy.se\/stockholm\/om\/"]}]},{"@type":"BreadcrumbList","@id":"https:\/\/popsacademy.se\/stockholm\/om\/#breadcrumb","itemListElement":[{"@type":"ListItem","position":1,"name":"Start","item":"https:\/\/popsacademy.se\/stockholm\/"},{"@type":"ListItem","position":2,"name":"Om skolan"}]},{"@type":"WebSite","@id":"https:\/\/popsacademy.se\/stockholm\/#website","url":"https:\/\/popsacademy.se\/stockholm\/","name":"Stockholm","description":"Kreativ verksamhet med akademisk kvalitet","potentialAction":[{"@type":"SearchAction","target":{"@type":"EntryPoint","urlTemplate":"https:\/\/popsacademy.se\/stockholm\/?s={search_term_string}"},"query-input":"required name=search_term_string"}],"inLanguage":"sv-SE"}]}},"_links":{"self":[{"href":"https:\/\/popsacademy.se\/stockholm\/wp-json\/wp\/v2\/pages\/8"}],"collection":[{"href":"https:\/\/popsacademy.se\/stockholm\/wp-json\/wp\/v2\/pages"}],"about":[{"href":"https:\/\/popsacademy.se\/stockholm\/wp-json\/wp\/v2\/types\/page"}],"author":[{"embeddable":true,"href":"https:\/\/popsacademy.se\/stockholm\/wp-json\/wp\/v2\/users\/1"}],"replies":[{"embeddable":true,"href":"https:\/\/popsacademy.se\/stockholm\/wp-json\/wp\/v2\/comments?post=8"}],"version-history":[{"count":9,"href":"https:\/\/popsacademy.se\/stockholm\/wp-json\/wp\/v2\/pages\/8\/revisions"}],"predecessor-version":[{"id":2079,"href":"https:\/\/popsacademy.se\/stockholm\/wp-json\/wp\/v2\/pages\/8\/revisions\/2079"}],"wp:attachment":[{"href":"https:\/\/popsacademy.se\/stockholm\/wp-json\/wp\/v2\/media?parent=8"}],"curies":[{"name":"wp","href":"https:\/\/api.w.org\/{rel}","templated":true}]}}