{"id":35,"date":"2020-09-23T09:22:23","date_gmt":"2020-09-23T09:22:23","guid":{"rendered":"https:\/\/popsacademy.se\/orebro\/?page_id=35"},"modified":"2025-10-21T13:49:49","modified_gmt":"2025-10-21T12:49:49","slug":"besok","status":"publish","type":"page","link":"https:\/\/popsacademy.se\/karljohan\/besok\/","title":{"rendered":"Bes\u00f6k oss"},"content":{"rendered":"\n\n<section  class=\"ams-cta ams-cta--stacked c-block l-stacked\">\n\t<div class=\"l-container l-stack l-stack-fluid-2xl u-pt-fluid-2xl-4xl u-pb-fluid-md-xl is-center is-center@md\">\n\t\t\t\t\t<div class=\"ams-cta__intro l-stack l-stack-lg\">\n\t\t\t\t\t\n\t<h1\n\tclass=\"c-heading u-font-title-1 \"\n\tstyle=\"\">\n\t\t\n\t\t\t\t\tBes\u00f6k oss p\u00e5 Pops Academy Karl Johan\n\t\t\t\t\n\t<\/h1>\n\n\t\t\t\t\t\t\t\t\t<div class=\"c-text l-stack u-cs-xl u-font-body\">\n\t\t\t\t\t\t<p data-pm-slice=\"1 1 []\">Vi erbjuder \u00f6ppet hus f\u00f6r de som st\u00e5r i k\u00f6 till \u00e5rskurs 4.<br \/>\nDu och ditt barn kommer d\u00e5 bli inbjudna att bes\u00f6ka v\u00e5r skola. Vi ses!<\/p>\n\n\t\t\t\t\t<\/div>\n\t\t\t\t\t\t\t<\/div>\n\t\t\n\t\t\n\t\t\t<div class=\"ams-cta__action u-inline-items\">\n\t\t\t\t\t\t\t\n\n\n<a href=\"https:\/\/popsacademy.se\/karljohan\/ansokan\/\"\n\t\n\tclass=\"c-btn \"\n\tdata-style=\"round\"\n\tdata-size=\"md\"\n\tdata-width=\"full-mobile\"\n\tdata-variant=\"default\"\n\ttarget=\"_self\">\n\t\t\t\t\t<span class=\"label\"> St\u00e4ll ditt barn i k\u00f6 till oss<\/span>\n\t<\/a>\n\t\t\t<\/div>\n\t<\/div>\n\n\t\t\n\n<\/section>\n\n\n\n<section \n\t\t class=\"\n\t\t ams-contact\n\t\t \n\t\t c-block l-stacked\n\t\t \n\t\t \n\t\t js-load-more\n\t\t \"\n\t\t data-color-scheme=\"nyans2_av_p2-hover-standard\"\n\t\t\t\t\tdata-count=\"3\"\n\t\t\t\t\t\t\tdata-count-mobile=\"2\"\n\t\t\t\t>\n\t<div\n\t\t class=\"\n\t\t l-container\n\t\t l-stack l-stack-fluid-2xl\n\t\t u-pt-fluid-2xl-4xl\n\t\t u-pb-fluid-2xl-4xl\n\t\t is-center\n\t\t is-center@md\n\t\t \">\n\t\t\t\t\t<div class=\"ams-contact__intro l-stack l-stack-lg\">\n\t\t\t\t\t\n\t<h2\n\tclass=\"c-heading u-font-title-1 \"\n\tstyle=\"\">\n\t\t\n\t\t\t\t\tHar du fr\u00e5gor om bes\u00f6k p\u00e5 skolan?\n\t\t\t\t\n\t<\/h2>\n\n\t\t\t\t\t\t\t\t\t<div class=\"c-text l-stack u-cs-xl u-font-body\">\n\t\t\t\t\t\t<p>Du \u00e4r alltid v\u00e4lkommen att kontakta oss s\u00e5 hj\u00e4lper vi dig vidare.<\/p>\n\n\t\t\t\t\t<\/div>\n\t\t\t\t\t\t\t<\/div>\n\t\t\n\t\t\n\t\t    \t\n\t\t\n\t\t<ul\n\t\t\tid=\"contact-grid-69e8561d08b0a\"\n\t\t\tclass=\"ams-contact__list l-grid u-gap-fluid-2xl-4xl u-justify-center js-results \"\n\t\t\taria-label=\"Kontakter\"\n\t\t\tdata-filter-animation=\"off\"\n\t\t\t>\n\t\t\t\t\t\t\t\t\t\t\t\n\t\t\t\t\n\t\t\t\t<li class=\"l-col-6@md l-col-4@lg \" data-filter=\"b g\">\n\t\t\t\t\t<article class=\"c-card \" data-variant=\"neutral\">\n\t\t\t\t\t\t<div class=\"c-card__content u-text-center\">\n\t\t\t\t\t\t\t\t\t\t\t\t\t\t\t<h3 class=\"c-card__title u-font-title-3\">\n\t\t\t\t\t\t\t\t\tAnnsofie Baggman\n\t\t\t\t\t\t\t\t<\/h3>\n\t\t\t\t\t\t\t\n\t\t\t\t\t\t\t\t\t\t\t\t\t\t\t<p class=\"position u-font-body\">Kanslist<\/p>\n\t\t\t\t\t\t\t\n\t\t\t\t\t\t\t\t\t\t\t\t\t\t\t<div class=\"contact-info u-font-body\">\n\t\t\t\t\t\t\t\t\t\t\t\t\t\t\t\t\t\t\t\t\t\t\t\t\t\t\t\t\t\t<p class=\"phone\"><a\n\t\t\t\t\t\t\t\t\t\t\t\t\thref=\"tel:019209267\"\n\t\t\t\t\t\t\t\t\t\t\t\t\tclass=\"u-text-link\">019-20 92 67<\/a>\n\t\t\t\t\t\t\t\t\t\t\t<\/p>\n\t\t\t\t\t\t\t\t\t\t\t\t\t\t\t\t\t\t\t\t\t<p class=\"phone\"><a\n\t\t\t\t\t\t\t\t\t\t\t\t\thref=\"tel:0730574636\"\n\t\t\t\t\t\t\t\t\t\t\t\t\tclass=\"u-text-link\">0730-57 46 36<\/a>\n\t\t\t\t\t\t\t\t\t\t\t<\/p>\n\t\t\t\t\t\t\t\t\t\t\t\t\t\t\t\t\t\t\t\n\t\t\t\t\t\t\t\t\t\t\t\t\t\t\t\t\t\t\t\t\t\t\t\t\t\t\t\t\t\t<p class=\"email\"><a\n\t\t\t\t\t\t\t\t\t\t\t\t\thref=\"ma&#105;&#108;&#116;o:&#097;nn&#115;&#111;f&#105;&#101;.b&#097;ggm&#097;&#110;&#064;&#112;ops&#097;&#099;ad&#101;&#109;&#121;&#046;se\"\n\t\t\t\t\t\t\t\t\t\t\t\t\tclass=\"u-text-link\">ann&#115;of&#105;e.&#098;ag&#103;m&#097;n&#064;&#112;&#111;p&#115;&#097;&#099;&#097;&#100;&#101;&#109;y&#046;s&#101;<\/a>\n\t\t\t\t\t\t\t\t\t\t\t<\/p>\n\t\t\t\t\t\t\t\t\t\t\t\t\t\t\t\t\t\t\t\t\t\t\t\t\t\t\t<\/div>\n\t\t\t\t\t\t\t\n\t\t\t\t\t\t\t\t\t\t\t\t\t<\/div>\n\t\t\t\t\t\t<div class=\"c-card__media\">\n\t\t\t\t\t\t\t\t\t\t\t\t\t\t\t\t\t\t\t\t\t\t\t\t\t\t\t\t\t\t\t\t\t\t\t\t\t\t\t\t\t\t\t\t\t\t\t\t\t<img decoding=\"async\" width=\"400\" height=\"294\" src=\"https:\/\/popsacademy.se\/wp-content\/uploads\/sites\/8\/2020\/11\/popsacademykarljohanannsofiebaggman330x242px-400x294.jpg\" class=\"u-radius-round-mix u-ratio-landscape  \" alt=\"Personportr\u00e4tt.\" sizes=\"(max-width: 300px) 100vw, 300px\" srcset=\"https:\/\/popsacademy.se\/wp-content\/uploads\/sites\/8\/2020\/11\/popsacademykarljohanannsofiebaggman330x242px-400x294.jpg 400w, https:\/\/popsacademy.se\/wp-content\/uploads\/sites\/8\/2020\/11\/popsacademykarljohanannsofiebaggman330x242px-300x220.jpg 300w, https:\/\/popsacademy.se\/wp-content\/uploads\/sites\/8\/2020\/11\/popsacademykarljohanannsofiebaggman330x242px.jpg 460w\" \/>\n\t\t\t\t\t\t<\/div>\n\t\t\t\t\t<\/article>\n\t\t\t\t<\/li>\n\t\t\t\t\t<\/ul>\n\n\t\t\n\t\t    <div class=\"ams-contact__more u-inline-items js-load-more-btn\">\n        <button href=\"#\"\n                class=\"c-btn\"\n                data-style=\"round\"\n                data-size=\"md\"\n                data-width=\"full-mobile\"\n                data-variant=\"outline\">\n        \tVisa mer\n        <\/button>\n    <\/div>\n\n\t\t\t<\/div>\n\n\t\t\n\n<\/section>\n\n\n\n\t\n\t\n<section  class=\"ams-map ams-map--fifty c-block  media-bottom media-right \" data-color-scheme=\"transparent\" data-locations=\"[{&quot;id&quot;:&quot;298&quot;,&quot;county&quot;:null,&quot;city&quot;:null,&quot;school&quot;:&quot;Karl Johan \\u00d6rebro&quot;,&quot;title&quot;:&quot;Pops Academy Karl Johan \\u00d6rebro&quot;,&quot;phone&quot;:&quot;019209260&quot;,&quot;phone_formatted&quot;:&quot;019-209260&quot;,&quot;email&quot;:&quot;karljohan@popsacademy.se&quot;,&quot;visiting_address&quot;:{&quot;address&quot;:&quot;\\u00c4lvtomtagatan 56&quot;,&quot;zip_code&quot;:&quot;703 42&quot;,&quot;city&quot;:&quot;\\u00d6rebro&quot;},&quot;postal_address&quot;:{&quot;address&quot;:&quot;Box 1512&quot;,&quot;zip_code&quot;:&quot;701 15&quot;,&quot;city&quot;:&quot;\\u00d6rebro&quot;},&quot;address_map&quot;:&quot;Karl Johans Skola, \\u00c4lvtomtagatan, \\u00d6rebro, Sverige&quot;,&quot;lat&quot;:59.28062139999999,&quot;lng&quot;:15.1966433,&quot;link&quot;:{&quot;url&quot;:&quot;\\\/karljohan&quot;,&quot;text&quot;:&quot;L\\u00e4s mer om skolan&quot;}}]\">\n\t<div class=\"ams-map__content u-pt-fluid-2xl-4xl u-pb-fluid-2xl-4xl l-stack l-stack-fluid-xl is-left is-left@lg\">\n\t\t\t\n\t<h2\n\tclass=\"c-heading u-font-title-1 \"\n\tstyle=\"\">\n\t\t\n\t\t\t\t\tKarl Johan \u00d6rebro\n\t\t\t\t\n\t<\/h2>\n\n\t\t\n\t\t\t\t\t<div class=\"contact-info l-stack\">\n\t\t\t\t\t\t\t\t\t<div class=\"contact-info__item\">\n\t\t\t\t\t\t<p class=\"contact-info__heading u-font-title-4\">\n\t\t\t\t\t\t\tBes\u00f6ksadress\n\t\t\t\t\t\t<\/p>\n\t\t\t\t\t\t<p>\n\t\t\t\t\t\t\t\t\t\t\t\t\t\t\t\u00c4lvtomtagatan 56<br \/>\n\t\t\t\t\t\t\t\t\t\t\t\t\t\t703 42 \u00d6rebro\n\t\t\t\t\t\t<\/p>\n\t\t\t\t\t<\/div>\n\t\t\t\t\n\t\t\t\t\n\t\t\t\t\t\t\t\t\t<div class=\"contact-info__item\">\n\t\t\t\t\t\t<p class=\"contact-info__heading u-font-title-4\">\n\t\t\t\t\t\t\tKontakt\n\t\t\t\t\t\t<\/p>\n\t\t\t\t\t\t<p>\n\t\t\t\t\t\t\t\t\t\t\t\t\t\t\t<a href=\"tel:019209260\">019-209260<\/a><br \/>\n\t\t\t\t\t\t\t\t\t\t\t\t\t\t\t\t\t\t\t\t\t\t<a href=\"mailto:karljohan@popsacademy.se\">karljohan@popsacademy.se<\/a>\n\t\t\t\t\t\t\t\t\t\t\t\t\t<\/p>\n\t\t\t\t\t<\/div>\n\t\t\t\t\t\t\t<\/div>\n\t\t\t<\/div>\n\n\t<div class=\"ams-map__media\">\n\t<\/div>\n<\/section>\n","protected":false},"excerpt":{"rendered":"","protected":false},"author":3,"featured_media":0,"parent":0,"menu_order":0,"comment_status":"closed","ping_status":"closed","template":"","meta":{"footnotes":""},"yoast_head":"<!-- This site is optimized with the Yoast SEO plugin v22.0 - https:\/\/yoast.com\/wordpress\/plugins\/seo\/ -->\n<title>Bes\u00f6k oss | Karl Johan \u00d6rebro<\/title>\n<meta name=\"description\" content=\"Vi erbjuder \u00f6ppet hus f\u00f6r de som st\u00e5r i k\u00f6 till \u00e5rskurs 4. Du och ditt barn kommer d\u00e5 bli inbjudna att bes\u00f6ka v\u00e5r skola. Vi ses!\" \/>\n<meta name=\"robots\" content=\"index, follow, max-snippet:-1, max-image-preview:large, max-video-preview:-1\" \/>\n<link rel=\"canonical\" href=\"https:\/\/popsacademy.se\/karljohan\/besok\/\" \/>\n<meta property=\"og:locale\" content=\"sv_SE\" \/>\n<meta property=\"og:type\" content=\"article\" \/>\n<meta property=\"og:title\" content=\"Bes\u00f6k oss | Karl Johan \u00d6rebro\" \/>\n<meta property=\"og:description\" content=\"Vi erbjuder \u00f6ppet hus f\u00f6r de som st\u00e5r i k\u00f6 till \u00e5rskurs 4. Du och ditt barn kommer d\u00e5 bli inbjudna att bes\u00f6ka v\u00e5r skola. Vi ses!\" \/>\n<meta property=\"og:url\" content=\"https:\/\/popsacademy.se\/karljohan\/besok\/\" \/>\n<meta property=\"og:site_name\" content=\"Karl Johan \u00d6rebro\" \/>\n<meta property=\"article:modified_time\" content=\"2025-10-21T12:49:49+00:00\" \/>\n<meta name=\"twitter:card\" content=\"summary_large_image\" \/>\n<meta name=\"twitter:title\" content=\"Bes\u00f6k oss | Karl Johan \u00d6rebro\" \/>\n<meta name=\"twitter:description\" content=\"Vi erbjuder \u00f6ppet hus f\u00f6r de som st\u00e5r i k\u00f6 till \u00e5rskurs 4. Du och ditt barn kommer d\u00e5 bli inbjudna att bes\u00f6ka v\u00e5r skola. Vi ses!\" \/>\n<meta name=\"twitter:label1\" content=\"Ber\u00e4knad l\u00e4stid\" \/>\n\t<meta name=\"twitter:data1\" content=\"1 minut\" \/>\n<script type=\"application\/ld+json\" class=\"yoast-schema-graph\">{\"@context\":\"https:\/\/schema.org\",\"@graph\":[{\"@type\":\"WebPage\",\"@id\":\"https:\/\/popsacademy.se\/karljohan\/besok\/\",\"url\":\"https:\/\/popsacademy.se\/karljohan\/besok\/\",\"name\":\"Bes\u00f6k oss | Karl Johan \u00d6rebro\",\"isPartOf\":{\"@id\":\"https:\/\/popsacademy.se\/karljohan\/#website\"},\"datePublished\":\"2020-09-23T09:22:23+00:00\",\"dateModified\":\"2025-10-21T12:49:49+00:00\",\"description\":\"Vi erbjuder \u00f6ppet hus f\u00f6r de som st\u00e5r i k\u00f6 till \u00e5rskurs 4. Du och ditt barn kommer d\u00e5 bli inbjudna att bes\u00f6ka v\u00e5r skola. Vi ses!\",\"breadcrumb\":{\"@id\":\"https:\/\/popsacademy.se\/karljohan\/besok\/#breadcrumb\"},\"inLanguage\":\"sv-SE\",\"potentialAction\":[{\"@type\":\"ReadAction\",\"target\":[\"https:\/\/popsacademy.se\/karljohan\/besok\/\"]}]},{\"@type\":\"BreadcrumbList\",\"@id\":\"https:\/\/popsacademy.se\/karljohan\/besok\/#breadcrumb\",\"itemListElement\":[{\"@type\":\"ListItem\",\"position\":1,\"name\":\"Start\",\"item\":\"https:\/\/popsacademy.se\/karljohan\/\"},{\"@type\":\"ListItem\",\"position\":2,\"name\":\"Bes\u00f6k oss\"}]},{\"@type\":\"WebSite\",\"@id\":\"https:\/\/popsacademy.se\/karljohan\/#website\",\"url\":\"https:\/\/popsacademy.se\/karljohan\/\",\"name\":\"Karl Johan \u00d6rebro\",\"description\":\"Kreativ verksamhet med akademisk kvalitet\",\"potentialAction\":[{\"@type\":\"SearchAction\",\"target\":{\"@type\":\"EntryPoint\",\"urlTemplate\":\"https:\/\/popsacademy.se\/karljohan\/?s={search_term_string}\"},\"query-input\":\"required name=search_term_string\"}],\"inLanguage\":\"sv-SE\"}]}<\/script>\n<!-- \/ Yoast SEO plugin. -->","yoast_head_json":{"title":"Bes\u00f6k oss | Karl Johan \u00d6rebro","description":"Vi erbjuder \u00f6ppet hus f\u00f6r de som st\u00e5r i k\u00f6 till \u00e5rskurs 4. Du och ditt barn kommer d\u00e5 bli inbjudna att bes\u00f6ka v\u00e5r skola. Vi ses!","robots":{"index":"index","follow":"follow","max-snippet":"max-snippet:-1","max-image-preview":"max-image-preview:large","max-video-preview":"max-video-preview:-1"},"canonical":"https:\/\/popsacademy.se\/karljohan\/besok\/","og_locale":"sv_SE","og_type":"article","og_title":"Bes\u00f6k oss | Karl Johan \u00d6rebro","og_description":"Vi erbjuder \u00f6ppet hus f\u00f6r de som st\u00e5r i k\u00f6 till \u00e5rskurs 4. Du och ditt barn kommer d\u00e5 bli inbjudna att bes\u00f6ka v\u00e5r skola. Vi ses!","og_url":"https:\/\/popsacademy.se\/karljohan\/besok\/","og_site_name":"Karl Johan \u00d6rebro","article_modified_time":"2025-10-21T12:49:49+00:00","twitter_card":"summary_large_image","twitter_title":"Bes\u00f6k oss | Karl Johan \u00d6rebro","twitter_description":"Vi erbjuder \u00f6ppet hus f\u00f6r de som st\u00e5r i k\u00f6 till \u00e5rskurs 4. Du och ditt barn kommer d\u00e5 bli inbjudna att bes\u00f6ka v\u00e5r skola. Vi ses!","twitter_misc":{"Ber\u00e4knad l\u00e4stid":"1 minut"},"schema":{"@context":"https:\/\/schema.org","@graph":[{"@type":"WebPage","@id":"https:\/\/popsacademy.se\/karljohan\/besok\/","url":"https:\/\/popsacademy.se\/karljohan\/besok\/","name":"Bes\u00f6k oss | Karl Johan \u00d6rebro","isPartOf":{"@id":"https:\/\/popsacademy.se\/karljohan\/#website"},"datePublished":"2020-09-23T09:22:23+00:00","dateModified":"2025-10-21T12:49:49+00:00","description":"Vi erbjuder \u00f6ppet hus f\u00f6r de som st\u00e5r i k\u00f6 till \u00e5rskurs 4. Du och ditt barn kommer d\u00e5 bli inbjudna att bes\u00f6ka v\u00e5r skola. Vi ses!","breadcrumb":{"@id":"https:\/\/popsacademy.se\/karljohan\/besok\/#breadcrumb"},"inLanguage":"sv-SE","potentialAction":[{"@type":"ReadAction","target":["https:\/\/popsacademy.se\/karljohan\/besok\/"]}]},{"@type":"BreadcrumbList","@id":"https:\/\/popsacademy.se\/karljohan\/besok\/#breadcrumb","itemListElement":[{"@type":"ListItem","position":1,"name":"Start","item":"https:\/\/popsacademy.se\/karljohan\/"},{"@type":"ListItem","position":2,"name":"Bes\u00f6k oss"}]},{"@type":"WebSite","@id":"https:\/\/popsacademy.se\/karljohan\/#website","url":"https:\/\/popsacademy.se\/karljohan\/","name":"Karl Johan \u00d6rebro","description":"Kreativ verksamhet med akademisk kvalitet","potentialAction":[{"@type":"SearchAction","target":{"@type":"EntryPoint","urlTemplate":"https:\/\/popsacademy.se\/karljohan\/?s={search_term_string}"},"query-input":"required name=search_term_string"}],"inLanguage":"sv-SE"}]}},"_links":{"self":[{"href":"https:\/\/popsacademy.se\/karljohan\/wp-json\/wp\/v2\/pages\/35"}],"collection":[{"href":"https:\/\/popsacademy.se\/karljohan\/wp-json\/wp\/v2\/pages"}],"about":[{"href":"https:\/\/popsacademy.se\/karljohan\/wp-json\/wp\/v2\/types\/page"}],"author":[{"embeddable":true,"href":"https:\/\/popsacademy.se\/karljohan\/wp-json\/wp\/v2\/users\/3"}],"replies":[{"embeddable":true,"href":"https:\/\/popsacademy.se\/karljohan\/wp-json\/wp\/v2\/comments?post=35"}],"version-history":[{"count":10,"href":"https:\/\/popsacademy.se\/karljohan\/wp-json\/wp\/v2\/pages\/35\/revisions"}],"predecessor-version":[{"id":1348,"href":"https:\/\/popsacademy.se\/karljohan\/wp-json\/wp\/v2\/pages\/35\/revisions\/1348"}],"wp:attachment":[{"href":"https:\/\/popsacademy.se\/karljohan\/wp-json\/wp\/v2\/media?parent=35"}],"curies":[{"name":"wp","href":"https:\/\/api.w.org\/{rel}","templated":true}]}}